 - 12 + 5*k - k. Let j be b(5). What is the units digit of x(j)?
5
Suppose 596 = 5*g - z, -5*g + 2*z + 608 = 4*z. What is the tens digit of ((g/9)/5)/(10/105)?
2
Suppose -46*m = -43*m - 3450. Suppose m = 2*l + 3*l. What is the tens digit of l?
3
Let o be 0 + 3 + -1 - 8. Let q(a) be the third derivative of -a**5/60 - 5*a**4/12 - 5*a**3/6 + 3*a**2. What is the tens digit of q(o)?
1
Let q = -7 + 12. Suppose q*m + 13 + 2 = 0. What is the tens digit of (16/m)/((-3)/9)?
1
Let j(z) be the second derivative of z**6/180 - z**5/120 - z**3 + 5*z. Let x(h) be the second derivative of j(h). What is the tens digit of x(-3)?
2
Let r(n) = 779*n**3 - 3*n + 3. What is the units digit of r(1)?
9
Let o(b) = -b**3 - 6*b**2 + 6*b - 5. Let n be o(-7). Suppose -w - 195 = -n*t - 6*w, -335 = -4*t + w. What is the tens digit of t?
8
Let v = 12 - 16. What is the hundreds digit of v/(24/141)*-1*6?
1
Let n be 321/(-12) + 3/(-24)*2. Let h = n + 129. What is the hundreds digit of h?
1
What is the units digit of -20*117/(-36)*2?
0
Let y(r) = 233*r**2 - 40*r + 107. What is the thousands digit of y(3)?
2
Let s = -106 - -1369. What is the units digit of s?
3
Let m(o) = -58*o + 891. What is the tens digit of m(-20)?
5
Let d(v) = 6*v**2 + 7*v + 7. Let u be d(-3). Suppose u + 2 = g. What is the tens digit of g?
4
Suppose 2*z = z + 15. What is the units digit of -5*((-192)/z + 0)?
4
Let m(f) = -2*f**2 - 30*f + 6. Suppose -5*b - 5*u = 75, -4*u = -3*b - u - 39. What is the units digit of m(b)?
4
Let i = 9 + -8. Let z(w) = w - 1. Let t(d) = -2*d - 2. Let p(v) = i*t(v) - 3*z(v). What is the units digit of p(-1)?
6
Let z(h) be the first derivative of h**4/4 + h**2 - h + 5. Let d be z(1). Suppose 4*i = a + 3*a + 100, d*i - a = 50. What is the units digit of i?
5
Suppose 2610 = 9*y - 7*y. What is the units digit of y?
5
Let h = -158 + 140. What is the hundreds digit of ((-30)/(-2))/(h/(-4))*72?
2
What is the units digit of (62 - 3)*50/15*3?
0
Suppose -f + 3*f = 12. What is the units digit of f*(-1)/(-3) + 0?
2
Let s(d) = -2*d**2 + 34*d - 24. Suppose 20*r - 24*r = -64. What is the units digit of s(r)?
8
Let z = 24 + -33. Let y(p) = p**3 + 10*p**2 + 5*p - 19. What is the units digit of y(z)?
7
Let j(p) = p**2 - p. Let y(d) = -d**2 + 14*d + 8. Let u(v) = -2*j(v) - y(v). Let x be (-80)/(-280) + -2*(-29)/(-7). What is the tens digit of u(x)?
2
What is the hundreds digit of (-3)/18 - 6604/(-24)?
2
Let l = -9 - -11. Suppose 2*d - 2*q = -l*d + 16, -2*q = 4*d - 8. Suppose 4*x - 20 = 0, -395 = s - 6*s - d*x. What is the units digit of s?
6
Let o = 2878 + -1626. What is the units digit of o?
2
Suppose -13*z + 18*z = 985. Suppose 0 = -7*q + z + 230. What is the tens digit of q?
6
Suppose 35*a = 21*a + 14322. What is the units digit of a?
3
Let z(d) = d**3 + 9*d**2 + 11*d - 1. Let c(s) = -s**2 + 10*s - 15. Let m be c(9). What is the units digit of z(m)?
1
Let g(w) = w**3 - 7*w**2 - 21*w + 36. What is the units digit of g(9)?
9
What is the hundreds digit of 48742/14 + (-249)/(-581)?
4
Let y(g) = g**2 - g + 33. Let n(a) = -5*a**2 - a + 6. Let z(c) = -4*c**2 - c + 5. Let q(t) = -3*n(t) + 4*z(t). Let r be q(1). What is the units digit of y(r)?
3
Let y(t) be the third derivative of -t**5/60 - 35*t**3/6 - 7*t**2. Let v be y(0). What is the units digit of 360/14 + (-10)/v?
6
Let u = -1 - -5. Suppose -5*y + u = -11. Let d(x) = -x**3 + 2*x**2 + 7*x + 1. What is the units digit of d(y)?
3
Suppose m - 652 = -2*k, -26*k + 24*k + 3228 = 5*m. What is the hundreds digit of m?
6
Let t = 1421 - 809. Suppose 0 = 7*w - 1124 - t. What is the tens digit of w?
4
Let b(k) = -61*k - 7. Suppose u = 3*u + 10. Let r be b(u). Suppose -4*f - 86 = -r. What is the units digit of f?
3
Let z = -1 + 3. Suppose -2*c = -c + c. Suppose c = -z*i + 4 - 2. What is the units digit of i?
1
Suppose 124 = 8*s - 2332. What is the units digit of s?
7
Suppose 0 = i + 5*q - 951, -2*q = -4*i + 4152 - 260. What is the tens digit of i?
7
Let z(c) = 3*c**2 - 9*c + 2. Let b = 3 + 4. Suppose 0 = b*o - 6*o - 4. What is the tens digit of z(o)?
1
Suppose 0*c = 3*c + 12, 2*h + 4*c - 1154 = 0. Suppose h = 4*w - 595. Suppose 0 = -5*v + 5*p + w, v + 0*v - 67 = -p. What is the tens digit of v?
6
Let x = 1097 - 349. Let d = -450 + x. What is the units digit of d?
8
Let i(k) = k**3 - 7*k**2 - 9*k + 13. Let o be i(8). Suppose -o*a - 3*y + 912 = -a, 458 = 2*a + 2*y. What is the tens digit of a?
2
Let z(y) = y**3 + 8*y**2 + y + 8. Let a be z(-7). Suppose -a = u - 117. What is the tens digit of u?
6
Let a(x) = x**2 - 14*x - 14. What is the tens digit of a(18)?
5
Let l(g) = -5*g + 9 - 7*g**2 + 14*g**2 - g**3 + 2*g. Suppose -10*n = -68 + 8. What is the tens digit of l(n)?
2
Suppose 13*v + 11899 = 32556. What is the thousands digit of v?
1
Let d(v) = 3*v + 2. Let f be d(-8). What is the units digit of (-34)/187 + (-752)/f?
4
Suppose 9*y - 8832 = -7*y. What is the hundreds digit of y?
5
Let u(w) be the second derivative of 13*w**5/5 - w**4/6 + w**3/6 - 3*w. What is the units digit of u(1)?
1
Let f = -72 + 74. Suppose -3*o = -f*d - 494, d - 1 = 4. What is the units digit of o?
8
Let c = -447 - -705. What is the tens digit of c?
5
Let a(g) = 61*g**2 + 10*g - 63. What is the hundreds digit of a(4)?
9
Let b = 532 - -373. What is the hundreds digit of b?
9
Suppose -3*n + 3561 - 528 = 0. Suppose -5*h + n = w, h - w + 6*w = 207. What is the tens digit of h?
0
Let z(n) = n. Let t be z(12). What is the units digit of (94 - 0)*6/t?
7
Suppose -2*y + 55 + 1 = -i, 5*y + 224 = -4*i. Let f = -22 - i. What is the units digit of f?
4
Let w(y) = -y**3 - 6*y**2 + y + 8. Let g be w(-6). Suppose g*p = 5*b - 16, -p - 4*b + 12 + 6 = 0. What is the tens digit of 28 + (3 - (1 + p))?
2
Suppose 3*l - 7*k + 5*k = -4, -4*l = -5*k + 10. Let r be l*5/((-25)/(-5)). Suppose 5*f + 84 + 64 = 2*z, -f - 2 = r. What is the tens digit of z?
6
Let v be -3 + (-3)/(-9)*1779. Suppose -4*z + 2*k + v = -42, -5*z + 780 = -5*k. What is the tens digit of z?
6
Let u(a) = a**3 - 5*a**2 + 32*a - 7. What is the hundreds digit of u(9)?
6
Suppose -4*o + 19525 = b, -171*b + 168*b + 24408 = 5*o. What is the hundreds digit of o?
8
Let t = 7 + -4. Let w(i) = -3*i**3 - i**2 + 12 + 2*i**2 + t*i - 10. What is the units digit of w(-2)?
4
Suppose 7*u + 8 = 3*u, -2*b + 3*u = -1642. What is the units digit of b?
8
Let h = -312 + 1896. What is the tens digit of h?
8
Let n = 784 + -398. Suppose -4*f - u = -n, -5*f = 4*u - u - 479. What is the tens digit of f?
9
Let s = -29 - -33. Suppose 0 = -s*a - 5*r + 35, a = -r + 2*r + 20. What is the tens digit of a?
1
Let v = -111 + 402. What is the units digit of v?
1
Let r(v) = 3*v**2 - 5*v + 1. Suppose -3*n + 2 = -4. Let d be r(n). What is the units digit of d + 18 - (3 + -1)?
9
Let b(n) = -4*n + 162. What is the units digit of b(30)?
2
Let q = 8 + -3. Suppose -5*z + 2*z = -q*m - 4, -4*z + 13 = m. Let d(a) = a**3 + 5*a**2 - 4*a + 4. What is the tens digit of d(z)?
6
Let p(m) be the third derivative of -13*m**4/8 - m**3/6 + 9*m**2. What is the tens digit of p(-1)?
3
Suppose 5*k - 24 = 11. Let g = -3 - k. What is the units digit of (-4)/g - (-190)/25?
8
Let q = 944 + -609. Suppose 2*m - 332 = u + u, 2*m = 5*u + q. What is the hundreds digit of m?
1
Suppose 7405 - 1405 = 16*j. What is the tens digit of j?
7
Suppose -12*h + 2*h + 1160 = 0. What is the tens digit of h?
1
Let x(h) = h**3 + 3*h**2 - 2*h + 2. Let m be x(-4). Let z = -2 - m. Suppose -v - 39 = -2*w + 4*v, -42 = -2*w + z*v. What is the tens digit of w?
2
What is the units digit of -16 - -24 - 7756/(-4)?
7
Suppose 0 = 4*q - 0 + 52. Let c = q - -15. Suppose -36 = -2*z - c*z. What is the units digit of z?
9
Let i(s) = 2*s**2 - 30*s + 68. What is the hundreds digit of i(-15)?
9
Let o(a) = -a**2 + 18*a - 27. Let v be o(16). Suppose v*r - 423 = -3*h, -4*r + 3*h = r - 447. What is the units digit of r?
7
Suppose 4*u + v + 3*v - 296 = 0, u - 78 = -2*v. Let y = -23 - 20. Let g = u + y. What is the units digit of g?
7
Suppose 5*t + 2*g - 5143 = 0, 8*g - 13*g + 5140 = 5*t. What is the tens digit of t?
2
Let u = 128 + -125. Suppose -736 = -4*o + u*y, 0 = o - 0*o + 4*y - 165. What is the tens digit of o?
8
Let f = -12 - -8. Let z = f - -8. Suppose -z*h - 43 = -u - 0*h, -2*u + 71 = -5*h. What is the units digit of u?
3
Suppose -462 = -4*d + 5*g + 85